84 and p.
12
Let j = -28 + 19. Let m = j - -20. Suppose z - m + 1 = 0. What is the greatest common divisor of z and 25?
5
Let s be 0 - (-89 + (-2)/2). Let i = 138 - s. What is the greatest common factor of 32 and i?
16
Let p(m) = 5*m**2 + 3*m + 10. Let i be p(5). What is the greatest common factor of 60 and i?
30
Suppose -3*y - 3*o = -o - 268, 3*y - 270 = -3*o. What is the highest common factor of 11 and y?
11
Let c(x) = -6 + 4 + 1 - 6*x + 0*x. Let p be c(-6). What is the highest common divisor of p and 7?
7
Suppose 8*n - 796 - 1388 = 0. Calculate the highest common factor of 39 and n.
39
Let m(v) = -2*v**3 + v**2 + 2. Let t be m(-2). Let h be 110/(5 - (1 + 2)). What is the highest common divisor of h and t?
11
Suppose 2*b + 0 = -c + 9, 0 = -4*c + 5*b - 3. Let x(r) = r + 1. Let o be x(c). Calculate the greatest common factor of 6 and o.
2
Let a(z) = -19*z + 3. Let c be a(-3). Let b(v) = 32*v - 1 - 20*v**3 - 32*v + v**2. Let f be b(-1). What is the greatest common divisor of f and c?
20
Let j be (-30)/(-42) - 4/(-14). Let s = -27 + 38. What is the highest common divisor of j and s?
1
Suppose 4*d + 3 - 15 = 0. Calculate the greatest common factor of d and 27.
3
Suppose 2*y + 4*j - 52 = 0, 3*y + 4*j = 7*y - 92. Suppose r = 17 + 7. Calculate the greatest common divisor of r and y.
24
Suppose n = 6*n - 85. What is the highest common factor of 68 and n?
17
Let l(u) = 4*u - 1. Let m be l(2). Let j(v) = v**2 - 7*v - 4. Let k be j(7). Let r be (21/(-12))/(1/k). Calculate the highest common factor of m and r.
7
Let d(g) = -g**3 - 6*g**2 - 5*g + 4. Let h be d(-5). What is the highest common divisor of h and 1?
1
Suppose 3*d = 4*d - 6. Let v be 37 + d - (-6)/(-2). Let j(x) = -x**3 + 5*x**2 - x. Let c be j(2). Calculate the highest common divisor of v and c.
10
Let l be 12/(-14)*(-112)/2. What is the greatest common divisor of l and 6?
6
Let q = -425 + 812. Suppose -4*a = -q + 27. Suppose -3*m = -4*m + 10. What is the greatest common factor of m and a?
10
Suppose 16 + 24 = 5*v. Suppose 5*h = 4*n + h - 36, 4*n - 29 = -3*h. What is the greatest common factor of n and v?
8
Let i = 47 - 28. Suppose 30 = 5*t + 3*f - 16, f - i = -2*t. Calculate the highest common divisor of t and 33.
11
Let f = -99 + 274. What is the highest common factor of 25 and f?
25
Let u(y) = -13*y**3 - y. Let f be u(-1). What is the highest common factor of f and 91?
7
Let l be ((-6)/2)/(12/(-108)). Calculate the highest common divisor of 3 and l.
3
Let n = 4 + -2. Suppose -4*b + 135 = 5*j, n*j - 68 + 14 = 4*b. What is the highest common factor of 9 and j?
9
Suppose 0 = 5*q + 3*o - 3 - 10, -3*o - 37 = -5*q. Let y = q + 5. What is the highest common divisor of y and 20?
10
Let n = 12 - 9. Calculate the greatest common divisor of 1 and n.
1
Let b(d) = d**3 - 7*d**2 + 8*d - 8. Let n be b(6). Suppose 5*y = n*y + 8. Let u = 94 - 38. Calculate the highest common factor of u and y.
8
Suppose -535 = -8*c + 2377. What is the highest common divisor of c and 52?
52
Let k be (-16)/(-6)*(-9)/(-4). Suppose h - k*h = -400. What is the highest common divisor of h and 32?
16
Let q(a) = -a**3 + 7*a**2 + 7*a + 6. Let b be q(8). Let l(t) = 9*t**2 - 1. Let c be l(b). Calculate the greatest common factor of c and 7.
7
Suppose 3*o - 45 = -6. Suppose 124 = 3*w - 188. What is the highest common divisor of o and w?
13
Let p = -40 + 100. Calculate the greatest common divisor of p and 24.
12
Let w be 1 + (4 + -2 - -42). Suppose 0 = -6*y + y - w. Let i be ((-48)/y)/(2/3). Calculate the highest common divisor of 64 and i.
8
Suppose -2*g - 275 = -3*k - 0*g, -4*g + 20 = 0. What is the greatest common divisor of 38 and k?
19
Let z(o) = 2*o**3 - 2*o**2 + 3*o - 2. Let h be z(2). Let r be 7 - 2/(-4)*-6. What is the highest common factor of r and h?
4
Let q(v) = -6*v. Let w be q(-1). Let y(p) = -p - 3. Let d be y(-5). What is the highest common factor of w and d?
2
Suppose 6*n - n - 150 = 0. What is the highest common factor of 10 and n?
10
Suppose -4*r + 30 = -2. Suppose -s - 2*q - 1 = -3*q, -25 = -5*q. Calculate the highest common factor of s and r.
4
Let v(g) = -g**3 - 3*g**2 - 4*g - 2. Let x be v(-3). Let w(a) = -a**2 + a + 10. Let t be w(0). Calculate the highest common divisor of t and x.
10
Let z(b) = -2*b**3 + 4*b**2 - 4*b + 2. Let x be z(2). Let f = x - -13. Suppose 216 = -3*p + f*p. What is the greatest common factor of 18 and p?
18
Suppose -4*j = -24 - 16. Let w = -43 + 63. What is the greatest common divisor of j and w?
10
Suppose -2*w = 2*j + w - 31, -j - 3*w = -23. Calculate the greatest common divisor of 64 and j.
8
Suppose 15 = 6*a - a. Suppose 209 = 5*f - 4*g, 3*f + 0*g + 5*g = 118. Suppose 0 = -a*d - f + 176. Calculate the highest common factor of d and 5.
5
Let l = 45 - 29. Suppose 3*t = t + l. What is the greatest common divisor of 40 and t?
8
Suppose t - n - 3 = 13, 4*n = t - 16. What is the greatest common divisor of t and 16?
16
Suppose w - 10 = -4*k, k = 2*w - w. Let s be (-1)/((1 - 4)/117). Let b = -17 + s. What is the highest common divisor of w and b?
2
Let r(s) = -s**2 + 7*s + 8. Let d be r(8). Suppose -m + 4 + 5 = d. Let f be (-1)/(-4) - 143/(-4). Calculate the greatest common divisor of m and f.
9
Suppose 32 + 20 = 4*o. Suppose -2*v - 3*v = 5*n - 25, 5*v = -2*n + o. Suppose n*t - 13 = 55. What is the highest common divisor of 136 and t?
17
Let j = 76 - 46. Suppose 8*z - 15 = 3*z + o, 0 = -4*o - 20. Suppose 5 = 3*w - 4*w - 3*d, -z*w + 40 = -4*d. What is the highest common divisor of j and w?
10
Let k = -13 - -34. Suppose -a + 23 = 4*t, -5*a - 8 = 5*t - 48. Let f be k*-2*a/(-18). Calculate the greatest common factor of f and 77.
7
Let w(o) = 10*o**2 + 5*o**3 + o - 6*o**3 - 6*o - 2*o. Let b be w(9). Calculate the highest common divisor of b and 144.
18
Suppose 40 + 290 = 5*l. Calculate the highest common divisor of 6 and l.
6
Let w(q) = -13*q + 2. Let d be w(-2). Let r be 5/((-15)/42)*-3. Calculate the greatest common divisor of d and r.
14
Let a(c) = 5*c - 1. Let n be a(5). Suppose -2*i = -i - n. Let v = i + 0. What is the highest common factor of v and 8?
8
Suppose k - 29 = -0*l - 2*l, 2*k + 3*l - 61 = 0. What is the greatest common divisor of k and 5?
5
Let w(o) = -o - 8. Let u be w(-11). Suppose -5*b - 36 = -4*z - 4, u*b = 12. Suppose 60 = q - 70. What is the highest common factor of z and q?
13
Suppose 3*x - 251 = -4*n, 4 = 2*n - 6*n. Suppose -4*q - x = -9*q. Let a(l) = -37*l + 2. Let c be a(-5). Calculate the greatest common factor of q and c.
17
Let p = 30 + 179. What is the greatest common divisor of p and 19?
19
Suppose 0 = -t + 3, 3*k + 2 = 3*t + 23. Let j = k - 8. Calculate the greatest common factor of j and 1.
1
Let i be (4/(-4))/(3/(-99)). Calculate the greatest common divisor of 66 and i.
33
Suppose 5*z + 5 = -k, z + 5 + 12 = 3*k. Suppose -3*o = 15, 5 = -2*v - 0*o - o. Suppose -k*u = -v*u - 560. Calculate the highest common factor of u and 14.
14
Suppose 3*d = 9, 2*d - 3*d = m - 78. What is the greatest common divisor of 15 and m?
15
Suppose -180 = -i - 2*i. Let t = -20 + i. Calculate the highest common factor of t and 16.
8
Let v be (2 - (9 + -4)) + 27. Let d be (v/(-5))/((-15)/250). Calculate the highest common divisor of 32 and d.
16
Suppose 8*y - 4*y = 112. What is the highest common factor of y and 28?
28
Let z be 3 + 159/21 + 12/(-21). What is the greatest common divisor of 70 and z?
10
Let w(t) = t**2 + 5*t + 7. Let i be w(-5). Suppose -158 + 53 = -5*b. Calculate the greatest common factor of i and b.
7
Let f = 10 - -11. Calculate the greatest common divisor of 84 and f.
21
Suppose 69 - 19 = 5*u - 5*n, 4*u - 35 = 5*n. Let r = 0 + 3. Suppose 4*m - 521 = -5*j, r*m - 50 - 262 = -3*j. Calculate the greatest common factor of u and j.
15
Suppose -4*d + 2*k + 54 = -28, k + 85 = 4*d. Let z = -122 + 199. Let i = z - d. What is the greatest common divisor of i and 11?
11
Let n = 0 + 24. Calculate the greatest common divisor of n and 16.
8
Let c = 21 + -19. What is the greatest common divisor of 10 and c?
2
Let f = 43 - -83. Suppose -k + f = 2*k. Let l be 50/5 - 3/1. Calculate the highest common factor of l and k.
7
Suppose -3*q + 2*q + 5*v + 126 = 0, 4*q - v - 504 = 0. Let b be (-159)/(-9) - (-4)/(-6). Let m = -3 + b. Calculate the greatest common divisor of m and q.
14
Suppose -2*